s divided by (6/(-10) - -1)/((-3)/(-120)).
13
Let o(j) = -6*j**2 + 2*j + 2. Let x be o(-2). Let n = 43 + x. Calculate the remainder when 32 is divided by n.
15
Let l(y) = 2*y**3 - 4*y**2 - 2*y + 7. Calculate the remainder when 52 is divided by l(3).
14
Suppose 3 = -k, -4*i + 3*k = -23 - 22. Suppose -5*u + 47 + 38 = 0. Calculate the remainder when u is divided by i.
8
Suppose -5 = -f + 16. What is the remainder when (-5 - f)*(-1)/2 is divided by 8?
5
Suppose 5*p - 82 = 2*g, 11 + 0 = p + 5*g. What is the remainder when 28 is divided by p?
12
Let f(g) = g + 24. Suppose -184 = -3*u - 25. Calculate the remainder when u is divided by f(-10).
11
Suppose -3*n - 4*f = -4*n, 2*f + 14 = 4*n. What is the remainder when n is divided by 2?
0
Let l = 13 - 8. Calculate the remainder when l is divided by 3.
2
Calculate the remainder when 26 is divided by 2 - (-5)/((-5)/(-7)).
8
Let k(s) = 0 + 1 - 3*s + 0 - 3. Let b be k(-2). What is the remainder when 19 is divided by (-64)/(-6) - b/6?
9
Suppose 5*l + 2*b - 32 = 11, 2*l = 4*b - 2. Suppose -3 = -6*f + l*f. What is the remainder when 3 is divided by (f/6)/(2/(-8))?
1
Suppose 3*b - 48 = -4*p + 8*p, b - 16 = -4*p. What is the remainder when b is divided by 11?
5
What is the remainder when (4 - 0)*(-5)/(-4) is divided by 2?
1
Let u be (5/(-2))/(8/(-16)). Suppose -2*d - 2*l + l + 22 = 0, 2*d + u*l - 38 = 0. Calculate the remainder when 26 is divided by d.
8
What is the remainder when ((-14)/(-4) - 3)*166 is divided by 21?
20
Let o(n) = -n**3 - 5*n**2 - 3*n + 6. What is the remainder when 4 is divided by o(-4)?
0
Suppose -l + 3 + 1 = 0. Suppose -3*o + 0*o = -21. What is the remainder when o is divided by l?
3
Suppose 5*n - 1 = -a + 42, 2*a - 4*n - 44 = 0. Suppose -5*u + 0*g = 3*g - 41, 2*g = -6. Calculate the remainder when a is divided by u.
8
Let j(m) = -6*m - 5. Calculate the remainder when 26 is divided by j(-2).
5
Let r(a) = -a**2 + 5*a - 1. Let x be r(5). Let g = 12 + x. What is the remainder when g is divided by 7?
4
Let h = 51 + -29. Calculate the remainder when 60 is divided by h.
16
Suppose -3*r + 6 = 0, 4*v + 0*v - r = 10. Let t(j) = 7*j**2 - j. Calculate the remainder when t(-1) is divided by v.
2
Let x = 10 + -6. Suppose 0 = 2*u - 9 - 29. Calculate the remainder when 2/(x/2) + 35 is divided by u.
17
Let z(y) = -y - 16. Let h be z(-13). Calculate the remainder when 23 is divided by 16/4 + -1 - h.
5
Let p be -1 - 5/(5/(-3)). Calculate the remainder when 42 - (3 - p/1) is divided by 21.
20
Let f = -42 + 166. What is the remainder when f is divided by 9?
7
Suppose 5*w - 22 + 2 = 0. Suppose -c - 21 = -w*c. What is the remainder when 18 is divided by c?
4
Let j(v) = v**2 + 7*v + 4. What is the remainder when 23/((5/(-2))/(-5)) is divided by j(-8)?
10
Let c = -7 + 29. Calculate the remainder when 51 is divided by c - 3/(3/4).
15
Let n(d) = -d**3 - 9*d**2 - 9*d. Let s be n(-8). Let z = s - -17. Calculate the remainder when z is divided by 13.
12
Suppose 0*s = 5*x + 3*s - 65, -3*x = -4*s - 39. Calculate the remainder when 24 is divided by x.
11
Let u = -4 - 57. Let t = u - -91. Let y(g) = -2*g + 2. What is the remainder when t is divided by y(-7)?
14
Let a(h) = h + 8. Let o be a(-6). Suppose 5*z + o*m = 78, -m + 25 = 3*z - 21. Calculate the remainder when 41 is divided by z.
13
Suppose 5*t - 378 = -4*p, -p + 5*t = -3*p + 194. Suppose f - 3*f = -p. What is the remainder when f is divided by 12?
10
Suppose 3*s - q + 5*q = 8, 5*q + 9 = s. Let v = 67 - 48. What is the remainder when v is divided by s/22 - 216/(-22)?
9
Let v = 31 + -22. Let z = 25 + -9. What is the remainder when z is divided by v?
7
Suppose -g = -5*g - 3*w + 120, -3*w = 0. Calculate the remainder when 117 is divided by g.
27
Let x(l) = l**3 + 6*l**2 - 1. What is the remainder when 127 is divided by x(-3)?
23
Suppose 2*j = 2*v + 2, -5*j + 2*v + 6 = -2*j. Suppose -m + 18 = j. What is the remainder when 27 is divided by m?
13
Let g(r) = -r**3 - 5*r**2 + 7*r + 9. Calculate the remainder when 15 is divided by g(-6).
0
Let q be (-1)/((-2)/(-58)*-1). Suppose q = 3*c - 67. What is the remainder when c is divided by 11?
10
What is the remainder when 15 is divided by 78/18 + 1/3*-1?
3
Suppose -764 = -9*v + 379. Calculate the remainder when v is divided by 19.
13
Calculate the remainder when ((-23)/4)/((-9)/108) is divided by 18.
15
Let i = -247 - -350. Suppose 0 = -5*h + 5*g - 0*g + 105, 0 = -h - 3*g + 41. What is the remainder when i is divided by h?
25
Let m(x) = -x + 2. Let v be m(-4). Suppose -v*u + u + 115 = 0. Suppose 150 = 5*g - 185. Calculate the remainder when g is divided by u.
21
Suppose -f + 475 = 4*f. What is the remainder when f is divided by 6?
5
Let n(s) = s + 53. What is the remainder when n(9) is divided by 9?
8
Let j = -283 + 165. Let v = -35 - j. Calculate the remainder when v is divided by 28.
27
Suppose -2*l - 2*l + 32 = 0. Let i be 2 + 0*(-2)/4. Suppose i*m = 8 - 2. Calculate the remainder when l is divided by m.
2
Suppose -4*d + 3*t = -55, -3*d + 2*t + 21 = -20. Suppose -2*a = -d - 5. What is the remainder when 35 is divided by a?
8
Suppose -4*f = -5*l + 191 + 128, 2*l = -4*f + 122. What is the remainder when l is divided by 13?
11
Let u = 0 - -8. Let x = -84 - -105. What is the remainder when x is divided by u?
5
Let n(m) = -m**2 + 4*m - 2. Let f be n(3). What is the remainder when 146/6 + f/(-3) is divided by (3/2)/(21/182)?
11
Suppose -257 = -3*l - 4*i, 3*l - 5*i + i = 217. Calculate the remainder when l is divided by 20.
19
Let w = 6 - 7. Let t = w + 3. Let x = 3 + -2. What is the remainder when t is divided by x?
0
Let t = -9 + 31. Let l = 12 - 7. Suppose -6*v = -l*v - 6. Calculate the remainder when t is divided by v.
4
Suppose -9*k - 19 = -10*k. What is the remainder when 37 is divided by k?
18
Suppose -31 = -t - 5*u, t - 27 = u - 5*u. What is the remainder when 17 is divided by t?
6
Suppose -2*s = -2*z - 148, 3*s = 2*z - 0*z + 221. Let a = -43 + 62. Calculate the remainder when s is divided by a.
16
Let f = 8 - 2. What is the remainder when 3 is divided by f/(-33) - 26/(-22)?
0
Suppose s - 3*g - 1 = -0, 13 = 2*s + 5*g. Suppose s*i + 256 = 4*y, 3*y + 0*i - 5*i = 188. What is the remainder when y is divided by 17?
15
Suppose b - 17 + 131 = 4*p, -4*b + 153 = 5*p. Let l(u) = -15*u + 5. Let j be l(2). Let m = -10 - j. What is the remainder when p is divided by m?
14
Let n = 14 - 16. Calculate the remainder when 19 is divided by (0/(-2) - n) + 9.
8
Suppose -2*s = -24 - 50. Suppose 0 = 3*h - 42 + 12. What is the remainder when s is divided by h?
7
Suppose -w + 50 = w. Calculate the remainder when 68 is divided by w.
18
Let s be (-4)/(-14) - 6/21. Suppose 5*i + 0*i - 80 = s. Suppose -3*h + 5*z + 80 = -78, -4 = z. What is the remainder when h is divided by i?
14
Let i(m) = 10 + m**2 + 9*m + 3*m**2 - 3*m**2. What is the remainder when i(-9) is divided by (1 + 4/(-6))*18?
4
Let w(j) = 18*j**2 + 2*j + 1. Calculate the remainder when 207 is divided by w(1).
18
Suppose 75 - 25 = 5*a. Let j(v) = -v**3 - 8*v**2 - 3*v + 4. What is the remainder when j(-8) is divided by a?
8
Suppose -2*t - 2*x + 18 = 0, 6*t - 51 = t + x. Let j = 16 - t. What is the remainder when j is divided by 2?
0
Suppose 10*q + 144 = 19*q. Calculate the remainder when 47 - -1 - 3/3 is divided by q.
15
Let j = 81 + -32. Suppose -3*n + 140 = -7*n. Let o = n + j. Calculate the remainder when 27 is divided by o.
13
Let d(y) = y**3 + 4*y**2 - 5*y + 3. Calculate the remainder when d(-4) is divided by 6.
5
Suppose -5*m + 0*m + 25 = 0. Let k(u) = -u**3 + 5*u**2 + u - 2. Calculate the remainder when 5 is divided by k(m).
2
Let g be 345/12 + (-1)/(-4). Suppose -4*c = 4*m + 20, -g = -2*m + 5*c - 4. Suppose z + m = 1. Calculate the remainder when 1 is divided by z.
0
Let g = -20 + 9. Let k = g - -48. Suppose d - 2*d + 2*b = -19, -d - 3*b + 4 = 0. What is the remainder when k is divided by d?
11
Let v = 30 + -14. Suppose -4*n = -4*d + 60, -3*n = -d - n + v. What is the remainder when d is divided by 8?
6
Let g(n) = 2*n**2 - 2. Let j(r) = r**3 + 3*r**2 + r + 4. Let d be j(-3). Calculate the remainder when g(3) is divided by -1 + d/((-1)/(-10)).
7
Let u(y) = 13*y + 8. Let n be (2 - (6 - -2))*-1. Calculate the remainder when u(n) is divided by 22.
20
Suppose 0 = 4*s + q - 6, 2*s - 5*q -